 + 293*c**2 + 45*c - 132. Give r(42).
-6
Let c(b) = -10*b**3 - 4*b**2 - b + 1. Calculate c(1).
-14
Let v(q) = -8*q**2 - 11*q + 67. What is v(4)?
-105
Let a(m) = -220*m - 894. Give a(-4).
-14
Let b(u) = u**3 + 38*u**2 + 66*u - 141. Calculate b(-36).
75
Let i(q) = 37*q**2 - 94*q - 5. Calculate i(3).
46
Let y(x) = 562*x - 2391. Calculate y(4).
-143
Let s(p) = -41*p**3 - 2*p**2 - 49*p + 98. Calculate s(2).
-336
Let n(t) = -t**2 - 107*t - 2567. Determine n(-71).
-11
Let j(r) = -r**3 - 59*r**2 - 174*r - 333. What is j(-56)?
3
Let v(c) = 2724*c - 5436. Give v(2).
12
Let u(z) = -z**3 - 44*z**2 - 205*z + 146. What is u(-6)?
8
Let t(n) = 5*n**2 - 138*n - 56. Calculate t(28).
0
Let b(l) = 103*l - 351. Determine b(4).
61
Let y(q) = 2*q**3 - 40*q**2 + 259*q - 6326. Calculate y(21).
-5
Let a(f) = -65*f**2 - 14*f - 23. Give a(-2).
-255
Let r(c) = -6*c**2 + 17*c - 5. Give r(2).
5
Let m(x) = 7*x**2 - 253*x - 1430. What is m(-5)?
10
Let k(m) = -m**3 - 19*m**2 - 58*m - 482. Determine k(-17).
-74
Let t(f) = 2*f**3 + 119*f**2 - 574*f + 140. Determine t(-64).
12
Let l(y) = 400*y + 86414. Calculate l(-216).
14
Let g(a) = -a**3 - a**2 + 33*a + 78. Determine g(-4).
-6
Let l(u) = -u**3 + 13*u**2 - 38*u + 144. Determine l(11).
-32
Let x(d) = 12*d**2 + 406*d - 2329. Give x(5).
1
Let k(a) = 11*a**2 - 6*a - 2. Calculate k(-3).
115
Let b(d) = -50*d + 16. Give b(-2).
116
Let w(h) = h**3 - 100*h**2 - 1990*h + 134. Calculate w(117).
17
Let y(i) = 18*i - 207. What is y(13)?
27
Let k(u) = -u**3 - 76*u**2 + 73*u - 326. Give k(-77).
-18
Let w(d) = 84*d - 47. Calculate w(0).
-47
Let y(z) = -2*z**3 - 68*z**2 + 10*z - 132. What is y(-34)?
-472
Let h(t) = 3*t**3 + 2*t**2 - 17*t - 4. Determine h(4).
152
Let u(i) = -2*i**3 + 8*i**2 + 10*i - 18. Calculate u(4).
22
Let z(s) = -210*s + 399. Determine z(2).
-21
Let j(h) = 20*h + 718. What is j(-36)?
-2
Let o(j) = -3*j**2 - 52*j - 121. Calculate o(-18).
-157
Let d(a) = -a**3 + 20*a**2 - 69*a + 28. What is d(11)?
358
Let f(l) = -2*l**2 + 400*l - 3085. Give f(8).
-13
Let w(m) = -5117*m + 92094. What is w(18)?
-12
Let c(v) = -v**3 - 43*v**2 - 392*v - 59. What is c(-30)?
1
Let y(z) = -z**2 + 41*z - 21. What is y(27)?
357
Let p(y) = 332*y - 1034. Calculate p(2).
-370
Let z(k) = -k**3 - 13*k**2 - 34*k - 132. Calculate z(-11).
0
Let k(w) = w**3 + 12*w**2 + 18*w + 43. What is k(-9)?
124
Let d(u) = -11*u**2 + 13*u - 1. What is d(2)?
-19
Let h(u) = 22*u**2 - 120*u + 5. Calculate h(6).
77
Let x(i) = -i**3 + 24*i**2 + 5*i - 61. Calculate x(24).
59
Let l(c) = -c**3 - 20*c**2 + 12*c - 65. What is l(-21)?
124
Let k(o) = 62*o**3 - 252*o**2 + 18*o - 28. What is k(4)?
-20
Let o(h) = 640*h + 11540. Calculate o(-18).
20
Let u(w) = 12*w + 352. Give u(-28).
16
Let k(v) = 31*v**2 - 4*v - 10. What is k(1)?
17
Let p(c) = 2*c**2 - 66*c + 409. What is p(24)?
-23
Let d(m) = m**3 - 16*m**2 - 7*m + 8. Determine d(-3).
-142
Let y(j) = -518*j - 1585. What is y(-3)?
-31
Let q(g) = -g**3 - 20*g**2 + 92*g - 73. Calculate q(3).
-4
Let k(i) = 263*i + 26274. Determine k(-100).
-26
Let f(d) = -d**3 - 12*d**2 + 412*d + 3576. Determine f(-8).
24
Let p(k) = -6*k + 77. Give p(18).
-31
Let x(c) = -10*c - 107. Give x(-9).
-17
Let y(r) = -1703*r - 69825. Calculate y(-41).
-2
Let x(i) = i**2 + 16. What is x(-6)?
52
Let c(o) = -o**3 + 12*o**2 - 2*o + 6. Determine c(10).
186
Let c(q) = -q**2 + 23*q + 51. What is c(23)?
51
Let q(s) = -s**2 - 60*s + 42. Calculate q(-18).
798
Let m(w) = 9*w**2 - 690*w - 236. Determine m(77).
-5
Let a(w) = 12*w**2 - 1078*w - 190. Determine a(90).
-10
Let z(j) = -j**3 + 276*j**2 - 549*j + 274. Determine z(274).
0
Let r(n) = -3*n**3 - 30*n**2 + 61*n - 137. What is r(-12)?
-5
Let h(a) = 680*a - 5452. Determine h(8).
-12
Let b(g) = -g**2 - 40*g - 159. What is b(-33)?
72
Let x(j) = j**3 + 20*j**2 + 64*j - 116. Calculate x(-16).
-116
Let z(w) = -w**2 + 40*w - 386. Calculate z(17).
5
Let u(d) = -d**3 - 23*d**2 - 24*d + 82. What is u(-21)?
-296
Let r(z) = z**2 - 4*z - 101. What is r(-10)?
39
Let c(b) = -b**3 + 7*b**2 - 20*b + 8. Determine c(5).
-42
Let t(q) = 9*q**2 - 289*q - 73. Determine t(32).
-105
Let l(x) = -3*x**3 - 9*x**2 + 28*x - 31. Give l(4).
-255
Let h(j) = -2*j**2 - 300*j + 23615. Give h(57).
17
Let d(i) = 27*i + 2161. Determine d(-76).
109
Let y(k) = k**2 + 27*k - 2861. Give y(-68).
-73
Let z(w) = w**3 + 10*w**2 + 35*w + 288. Give z(-7).
190
Let b(t) = t**3 - 8*t**2 + 8*t + 32. Give b(5).
-3
Let b(m) = -2*m**3 - 49*m**2 + 31*m + 163. Calculate b(-25).
13
Let p(n) = 12*n**2 - 15*n + 22. Give p(2).
40
Let a(u) = 35*u + 804. What is a(-20)?
104
Let h(j) = -16*j**2 - 289*j - 17. Calculate h(-18).
1
Let i(r) = 41*r - 726. Calculate i(17).
-29
Let z(l) = l**2 - 46*l + 152. Determine z(41).
-53
Let k(o) = -3*o**2 + 254*o - 166. Determine k(84).
2
Let y(l) = 11*l - 342. What is y(14)?
-188
Let u(n) = -n**2 - 6*n + 17. What is u(2)?
1
Let u(f) = 208*f + 819. Determine u(-4).
-13
Let a(c) = 9*c + 1. Give a(-4).
-35
Let z(t) = t**3 - 12*t**2 - 34*t + 38. Determine z(14).
-46
Let z(s) = 28*s**2 - 874*s + 873. What is z(1)?
27
Let w(i) = 2*i**2 + 31*i + 123. Determine w(-7).
4
Let v(a) = 9*a**3 + 9*a**2 + 15*a + 5. Calculate v(-3).
-202
Let u(v) = -264*v - 214. Determine u(-6).
1370
Let a(m) = 9*m**2 + 39*m. Determine a(-5).
30
Let r(y) = -4*y**3 + 35*y**2 + 2*y + 23. Give r(10).
-457
Let o(h) = -7*h**3 - 189*h**2 - 2*h - 57. Give o(-27).
-3
Let f(p) = 2*p**3 - 17*p**2 + 38*p - 25. Determine f(4).
-17
Let u(d) = 404*d + 6090. Give u(-15).
30
Let c(h) = -h**2 + 98*h - 2358. Give c(55).
7
Let y(r) = 250*r - 32249. What is y(129)?
1
Let s(w) = 67*w - 4162. What is s(62)?
-8
Let v(m) = -35*m - 43. Determine v(-5).
132
Let a(t) = 2*t**3 + 32*t**2 + 32*t + 499. Give a(-16).
-13
Let m(l) = l**2 + 22*l - 780. What is m(19)?
-1
Let u(f) = -61*f**2 + 311*f - 26. What is u(5)?
4
Let q(a) = 5598*a + 190324. What is q(-34)?
-8
Let m(s) = -699*s**2 + 2798*s - 12. What is m(4)?
-4
Let h(w) = 318*w**2 + 1. Calculate h(1).
319
Let t(n) = 46*n + 623. What is t(-19)?
-251
Let j(q) = -11*q**3 + 4*q**2 + 3*q - 2. What is j(-2)?
96
Let y(a) = -83*a + 589. What is y(8)?
-75
Let i(h) = h**2 + 20*h - 27. Determine i(-21).
-6
Let w(a) = 7*a**2 - 195*a + 363. Determine w(2).
1
Let v(p) = -p**3 + 16*p**2 - 16*p - 27. Determine v(11).
402
Let k(p) = 4*p**3 + 38*p**2 + 17*p + 4. Give k(-9).
13
Let q(t) = t**3 - 13*t**2 + 11*t - 7. Give q(12).
-19
Let w(v) = -7484*v + 31. What is w(0)?
31
Let h(t) = -20*t - 34. What is h(12)?
-274
Let u(l) = 2*l**2 + 18*l - 3732. What is u(39)?
12
Let u(a) = -a**3 + 11*a**2 + 8*a - 8. What is u(10)?
172
Let t(h) = 3*h**3 - 24*h**2 + 117*h - 953. What is t(8)?
-17
Let w(z) = -z**2 + 23*z - 39. What is w(12)?
93
Let u(a) = a**3 + 4*a**2 - 77*a - 352. What is u(-8)?
8
Let g(k) = k**3 + 3*k**2 - 47*k - 161. Give g(-4).
11
Let g(r) = -r**2 - 143*r - 4916. Determine g(-57).
-14
Let o(d) = -11*d**2 - 660*d + 2082. Give o(-63).
3
Let l(a) = a**3 - 14*a**2 - 2735*a + 38287. What is l(14)?
-3
Let d(t) = 2*t**3 + 32*t**2 - 13*t - 635. Calculate d(-15).
10
Let c(j) = -3*j**2 - 47*j + 211. Determine c(5).
-99
Let z(j) = 7*j**2 - 369*j - 28. Give z(52).
-288
Let d(o) = -43*o - 120. Give d(-2).
-34
Let l(s) = s**3 - 3*s**2 - 94*s + 274. Determine l(10).
34
Let l(g) = 178*g + 1981. Calculate l(-11).
23
Let i(t) = 2080*t + 4175. Determine i(-2).
15
Let o(p) = -p**2 + 38*p - 287. What is o(23)?
58
Let f(w) = w**3 - 77*w**2 + 77*w - 186. Calculate f(76).
-110
Let a(q) = -17*q**2 - 224*q - 413. Give a(-11).
-6
Let c(w) = 4*w**2 - 109*w + 720. Determine c(9).
63
Let z(c) = -15*c**3 - 15*c**2 + 38*c + 13. Determine z(3).
-413
Let z(w) = w**3 + 7*w**2 + 12*w - 3. Calculate z(0).
-3
Let n(y) = 620*y - 36568. Determine n(59).
12
Let c(z) = -2*z**2 + 97*z - 439. Calculate c(5).
-4
Let m(s) = s**3 + 450*s**2 - 42401*s - 529. What is m(-530)?
1
Let z(v) = 13*v - 274. Determine z(14).
-92
Let k(s) = -66*s - 1735. Calculate k(-26).
-19
Let h(f) = -f**2 + 83*f - 467. Determine h(5).
-77
Let q(u) = 3*u**3 + 10*u**2 - 18*u - 59. What is q(-3)?
4
Let u(k) = -2*k**3 - 26*k**2 - 25*k + 343. Determine u(-10).
-7
Let w(x) = x**3 - 20*x**2 + 18*x + 17. Give w(19).
-2
Let f(x) = -x**3 + 13*x**2 + 74*x + 41. Give f(-5).
121
Let s(o) = o**3 + 10*o**2 - 11*o + 2. Determine s(-11).
2
Let j(l) = -9*l**2 